{"id":28334,"date":"2022-09-29T23:27:37","date_gmt":"2022-09-29T23:27:37","guid":{"rendered":"https:\/\/feirasantairia.pt\/?page_id=28334"},"modified":"2022-10-02T22:47:08","modified_gmt":"2022-10-02T22:47:08","slug":"como-chegar","status":"publish","type":"page","link":"https:\/\/feirasantairia.pt\/index.php\/como-chegar\/","title":{"rendered":"Como chegar"},"content":{"rendered":"\t\t<div data-elementor-type=\"wp-page\" data-elementor-id=\"28334\" class=\"elementor elementor-28334\">\n\t\t\t\t\t\t<section class=\"elementor-section elementor-top-section elementor-element elementor-element-2545d85c elementor-section-boxed elementor-section-height-default elementor-section-height-default\" data-id=\"2545d85c\" data-element_type=\"section\">\n\t\t\t\t\t\t<div class=\"elementor-container elementor-column-gap-default\">\n\t\t\t\t\t<div class=\"elementor-column elementor-col-100 elementor-top-column elementor-element elementor-element-64cd2b0c\" data-id=\"64cd2b0c\" data-element_type=\"column\">\n\t\t\t<div class=\"elementor-widget-wrap elementor-element-populated\">\n\t\t\t\t\t\t<div class=\"elementor-element elementor-element-14748001 elementor-widget elementor-widget-text-editor\" data-id=\"14748001\" data-element_type=\"widget\" data-widget_type=\"text-editor.default\">\n\t\t\t\t<div class=\"elementor-widget-container\">\n\t\t\t\t\t\t\t<!-- wp:paragraph -->\n<p>\u00bb Vindo de Sul, utilize a A1, saindo ao Km 93 para a A23, e siga por esta via at\u00e9 ao km18 onde entrar\u00e1 na A13. Depois encontrar\u00e1 as devidas indica\u00e7\u00f5es para Tomar.<\/p>\n<p>\u00bb O mesmo se aplica a quem venha do interior pela A23.<\/p>\n<p>\u00bb Vindo de Norte, utilize a A1, saindo em Condeixa para a A13. Depois encontrar\u00e1 as devidas indica\u00e7\u00f5es para Tomar.<\/p>\n<p>\u00bb Quem venha da regi\u00e3o Oeste, Leiria, Nazar\u00e9 e F\u00e1tima, deve seguir at\u00e9 Tomar pelo IC9<\/p>\n<p>\u00a0<\/p>\n<p><strong><span style=\"text-decoration: underline;\">Autocarro<\/span><\/strong><br \/>Existem autocarros expresso com partida das principais cidades para Tomar. Consulte hor\u00e1rios e mais informa\u00e7\u00e3o em <a href=\"http:\/\/www.rede-expresso.pt\">www.rede-expresso.pt<\/a><\/p>\n<p><strong><span style=\"text-decoration: underline;\">Comboio<\/span><\/strong><br \/>A esta\u00e7\u00e3o de comboios de Tomar est\u00e1 localizada a cinco minutos a p\u00e9 do centro da cidade. H\u00e1 liga\u00e7\u00f5es diretas desde Lisboa (cerca de uma hora e meia), mas n\u00e3o de cidades a norte, como Coimbra, Aveiro ou Porto. Consulte hor\u00e1rios e mais informa\u00e7\u00e3o em <a href=\"http:\/\/www.cp.pt\">http:\/\/www.cp.pt<\/a>, ou atrav\u00e9s do contacto telef\u00f3nico 213 185 990.<\/p>\n<!-- \/wp:paragraph -->\t\t\t\t\t\t<\/div>\n\t\t\t\t<\/div>\n\t\t\t\t\t<\/div>\n\t\t<\/div>\n\t\t\t\t\t<\/div>\n\t\t<\/section>\n\t\t\t\t<section class=\"elementor-section elementor-top-section elementor-element elementor-element-7d99425 elementor-section-boxed elementor-section-height-default elementor-section-height-default\" data-id=\"7d99425\" data-element_type=\"section\">\n\t\t\t\t\t\t<div class=\"elementor-container elementor-column-gap-default\">\n\t\t\t\t\t<div class=\"elementor-column elementor-col-100 elementor-top-column elementor-element elementor-element-724bf81\" data-id=\"724bf81\" data-element_type=\"column\">\n\t\t\t<div class=\"elementor-widget-wrap elementor-element-populated\">\n\t\t\t\t\t\t<div class=\"elementor-element elementor-element-d420509 elementor-widget elementor-widget-google_maps\" data-id=\"d420509\" data-element_type=\"widget\" data-widget_type=\"google_maps.default\">\n\t\t\t\t<div class=\"elementor-widget-container\">\n\t\t\t\t\t<div class=\"elementor-custom-embed\">\n\t\t\t<iframe loading=\"lazy\"\n\t\t\t\t\tsrc=\"https:\/\/maps.google.com\/maps?q=Tomar&#038;t=m&#038;z=8&#038;output=embed&#038;iwloc=near\"\n\t\t\t\t\ttitle=\"Tomar\"\n\t\t\t\t\taria-label=\"Tomar\"\n\t\t\t><\/iframe>\n\t\t<\/div>\n\t\t\t\t<\/div>\n\t\t\t\t<\/div>\n\t\t\t\t\t<\/div>\n\t\t<\/div>\n\t\t\t\t\t<\/div>\n\t\t<\/section>\n\t\t\t\t<\/div>\n\t\t","protected":false},"excerpt":{"rendered":"<p>\u00bb Vindo de Sul, utilize a A1, saindo ao Km 93 para a A23, e siga por esta via at\u00e9 ao km18 onde entrar\u00e1 na A13. Depois encontrar\u00e1 as devidas indica\u00e7\u00f5es para Tomar. \u00bb O mesmo se aplica a quem venha do interior pela A23. \u00bb Vindo de Norte, utilize a A1, saindo em Condeixa&#8230;<\/p>\n","protected":false},"author":1,"featured_media":0,"parent":0,"menu_order":0,"comment_status":"closed","ping_status":"closed","template":"","meta":{"footnotes":""},"class_list":["post-28334","page","type-page","status-publish","hentry"],"aioseo_notices":[],"jetpack_sharing_enabled":true,"_links":{"self":[{"href":"https:\/\/feirasantairia.pt\/index.php\/wp-json\/wp\/v2\/pages\/28334","targetHints":{"allow":["GET"]}}],"collection":[{"href":"https:\/\/feirasantairia.pt\/index.php\/wp-json\/wp\/v2\/pages"}],"about":[{"href":"https:\/\/feirasantairia.pt\/index.php\/wp-json\/wp\/v2\/types\/page"}],"author":[{"embeddable":true,"href":"https:\/\/feirasantairia.pt\/index.php\/wp-json\/wp\/v2\/users\/1"}],"replies":[{"embeddable":true,"href":"https:\/\/feirasantairia.pt\/index.php\/wp-json\/wp\/v2\/comments?post=28334"}],"version-history":[{"count":25,"href":"https:\/\/feirasantairia.pt\/index.php\/wp-json\/wp\/v2\/pages\/28334\/revisions"}],"predecessor-version":[{"id":28591,"href":"https:\/\/feirasantairia.pt\/index.php\/wp-json\/wp\/v2\/pages\/28334\/revisions\/28591"}],"wp:attachment":[{"href":"https:\/\/feirasantairia.pt\/index.php\/wp-json\/wp\/v2\/media?parent=28334"}],"curies":[{"name":"wp","href":"https:\/\/api.w.org\/{rel}","templated":true}]}}